te number?
False
Let z(q) = -q**3 - 4*q**2 + 48*q - 256. Is z(-45) a prime number?
False
Let x = -5949 - -8624. Suppose 2963 = 2*p - x. Is p prime?
True
Let y = 27816 - 19040. Is (-5 + y/12)*3 prime?
True
Let v(b) = b**3 - b + 1. Let m(t) = t**3 + 39*t**2 + 43*t + 50. Let j(p) = m(p) - 2*v(p). Is j(23) a composite number?
False
Is (40/240)/(1/576066) a prime number?
False
Let l(n) = 1270*n**2 + 120*n + 1029. Is l(-8) a prime number?
True
Suppose 163613 = 5*i + 4*u, -4*u - 96875 = -4*i + 34073. Is i prime?
False
Suppose 0 = 10*m - 2*m - 390608. Suppose -22138 - 2263 = -2*j + 3*i, 2*i = -4*j + m. Is j a composite number?
True
Let c = 424 - 422. Is 27/(-18)*1579*(-4 + c) a prime number?
False
Suppose -6 = 5*a - 8*a, -a + 34 = -4*k. Let x be 54/(-4) - (-4)/k. Is (8 + 119/x)*(1 - 67) a composite number?
True
Suppose -12 = -0*w + 2*w. Let s be (5 + w)/((-2)/6). Suppose 0 = -s*j - 10 + 1237. Is j a prime number?
True
Let n = -28 + 15. Let b(i) = -3*i**2 - 8*i + 7. Let d(f) = 5*f**2 + 16*f - 14. Let g(l) = n*b(l) - 6*d(l). Is g(6) a composite number?
True
Suppose -z - 290 = -3*o, 236 = 2*o + 2*z + 40. Let s = o - 94. Is s - (1 - 287 - (5 + -3)) prime?
False
Let v = 442 - 312. Let j be (-37)/(128/v - 1). Suppose -2*f + 3*w = -943, 0 = 5*f + w + w - j. Is f prime?
True
Suppose 40535 = 4*r + n, -25*r - 3*n - 40523 = -29*r. Is r a prime number?
True
Suppose -91*d - 18 = -94*d, -3*d = 2*i - 117292. Is i a prime number?
False
Suppose d + 3*m = -3 - 0, 4*m = 5*d + 15. Let l be 69/d + -2 + -2. Is 3/(l/(-393))*3*3 composite?
True
Let h(l) = 85*l**2 - 15*l - 6. Let j be h(8). Suppose 5*u + j = z, 3*z + u - 10961 = 4965. Is z composite?
False
Suppose 79 - 79 = 11*h. Suppose h = 5*s - 5*y - 15840, -2*s + 5*y = y - 6346. Is s a composite number?
False
Let h = -219045 + 352676. Is h prime?
True
Suppose 7*r + 1 = 22. Suppose -5*t + 12 = -r. Is t/(-15) + (-906)/(-5) prime?
True
Is (3 + -2)/((15/(-1556910))/(1/(-2))) a prime number?
False
Let s = 35018 + -19405. Is s a prime number?
False
Suppose 0 = -10*y + 27*y - 4181906 - 2790491. Is y a prime number?
True
Suppose -l + 40 = 9*l. Let w(s) = -665*s - 9. Let f be w(l). Let h = -1452 - f. Is h composite?
False
Suppose 0 = k + j - 16, -2*j = k - 16 - 0. Suppose 2 = 2*y - 5*g + 13, -k = -2*y - 4*g. Is ((-17)/51)/(y/(-1266)) a composite number?
False
Let o(h) = 195*h - 21. Let k(v) = 196*v - 21. Let t(u) = -2*k(u) + 3*o(u). Is t(4) prime?
True
Suppose 79*n - 4*n = 8110872 - 1341897. Is n prime?
False
Let c(b) = 12*b**3 - 2*b**2 - 2*b. Let f be c(-1). Is -8998*(0 - 3/f)*-2 composite?
True
Let l be (20/(-25))/2*(-20)/2. Suppose l*p - 862 = -5*v, 3*v = p - 274 + 50. Suppose 0 = -3*g - 12, 116 = 2*s - 3*g - p. Is s prime?
False
Let m(z) = 1801*z**2 + z - 1. Let j be m(-2). Let d = j + -4596. Is d composite?
True
Let l be (3 - 0) + (6 - (1 + -5369)). Suppose 11*i = 2136 + l. Is i a prime number?
True
Let o = 27535 + 49364. Is o composite?
True
Let k(x) = -x**2 - 296*x + 17. Is k(-114) composite?
True
Suppose n + 5*m = 157414, 3*m - 944376 = 4*n - 10*n. Is n a prime number?
False
Let z(k) = -82 - 431*k + 9 - 21*k. Let j be z(-7). Suppose q - 1988 = j. Is q a composite number?
True
Suppose 10 = -5*l, -102 - 80 = 5*r + l. Let n be (22 - 181)/((-3)/(-9)). Is 1/(-4) + n/r a composite number?
False
Let b(y) be the second derivative of y**4/12 + y**3/2 - 9*y**2/2 + 12*y. Let l be b(-8). Suppose 34*q - 165 = l*q. Is q a composite number?
True
Let r = -2756 + 3921. Let i = 6192 - r. Is i prime?
False
Let f be (-2)/6 + (1 - 77/(-33)). Is 21726 - 2*15/(-18)*f a prime number?
False
Let z(v) = 243*v - 15. Let m be z(4). Let u = -1712 + m. Is u/(-3) - 2/3 a prime number?
True
Suppose 0 = -0*q + 204*q + 19*q - 1633029. Is q a composite number?
True
Suppose -92 = 5*x + 18*x. Is ((-36)/90)/((x/1790)/1) composite?
False
Let u = -29 + 42. Let b(f) = 2*f - 26. Let n be b(u). Suppose -13*i + 14*i - 1685 = n. Is i a prime number?
False
Suppose 0 = -21*l + 1529965 + 339896. Is l a composite number?
False
Let r(i) = i**3 + 12*i**2 + 16*i - 40. Let p be r(-10). Suppose p = 12*l + 10*l - 94402. Is l prime?
False
Is (-1*(-25 - -39114))/((-2)/14) a prime number?
False
Is ((-173234)/12 - (-42)/(-28))*-3 a composite number?
False
Let m = -100 + 102. Suppose -3*g + 2*g + 10766 = m*s, 2*s - g - 10766 = 0. Is s a prime number?
False
Suppose -q + 416595 = 3*q + 138223. Is q composite?
False
Let a(k) = -13*k**3 - 37*k**2 - 579*k - 18. Is a(-17) composite?
True
Let f(q) be the third derivative of q**5/5 - q**4/4 + 23*q**3/6 + 3*q**2. Let z be f(8). Let u = 1374 - z. Is u a prime number?
True
Let m = -2554 - -6362. Suppose 0 = 16*o - 13936 + m. Is o a composite number?
True
Suppose -4*l + l + 12 = 0. Suppose m + 4*c = -44, -m - 47 = l*c - c. Is (-312)/(-32)*m/(-6) prime?
False
Let x(m) = 2*m**3 + 15*m**2 - 8*m - 18. Let p(i) = i**3 + 14*i**2 - 8*i - 17. Let q(l) = 4*p(l) - 3*x(l). Is q(-5) composite?
True
Let p(m) = 173836*m - 51. Is p(2) prime?
True
Let v(d) = 7*d + 34. Let n be v(-14). Let p = 67 + n. Is -1 + p + -1 - -446 a prime number?
False
Let u = 5024 - -4227. Suppose 10*c = 39*c - u. Is c prime?
False
Suppose -19 = -3*q - 10. Is -3*(1/q + (-161)/1) a composite number?
True
Suppose 4*c + 39*j = 35*j + 74412, 0 = -2*c + 4*j + 37230. Is c composite?
True
Let k = 4664 + -2328. Let u = k - -2205. Is u a composite number?
True
Suppose -3*n = 5*y - 2502, 5*y + 4210 = 91*n - 86*n. Is n composite?
False
Let u = 222 + -217. Is 2905 + (-15)/5 - u a composite number?
False
Let d(i) be the second derivative of -i**4/12 - 4*i**3 + 23*i**2/2 - 5*i - 4. Is d(-18) prime?
True
Let x(m) = 8*m - 136. Let h be x(17). Suppose h = -v + 8*v - 17087. Is v composite?
False
Let y(t) = -t**3 + 18*t**2 - 10*t**2 - t**3 + 15*t - 58 - 10*t**2. Is y(-13) a composite number?
False
Suppose -2*n = -n - 835. Suppose 2*o - g + 49 + n = 0, 0 = -4*g - 16. Is (-2)/4*0 - (o - -1) a composite number?
False
Let y(n) = -n**2 - 10*n + 16. Let w be y(-12). Let c(s) = -s**3 - 5*s**2 + 4*s - 11. Is c(w) a prime number?
True
Let t = -1219 + 2260. Let n = t + -212. Is n a prime number?
True
Suppose -n - 46132 = -5*f, 2*f - 4*n - 3690 - 14770 = 0. Suppose -15*o = -8*o - f. Suppose -g + 4*v + 931 = -o, -g - 2*v + 2249 = 0. Is g prime?
False
Suppose 5*o = -m - 696, -5*o - 244 = -4*m - 3003. Is (m/(-1))/((-5)/(-580)*4) a composite number?
True
Suppose 9246 + 4794 = 1360*v - 1334*v. Let t(u) = u - 3. Let d be t(3). Suppose d = n + v - 2227. Is n prime?
False
Suppose -60*w - 1782 = -2*s - 56*w, -4*w = 2*s - 1726. Is s composite?
False
Let z(x) = -4690*x**3 - 2*x**2 + 17*x + 51. Is z(-2) composite?
False
Let f(r) = r**3 - 6*r**2 - 5*r - 11. Let a(d) = d**3 + 6*d**2 + 3*d - 3. Let n be a(-5). Let p be f(n). Is (6092/(-12))/((-1)/p) a prime number?
True
Suppose 821 = 31*x - 13098. Let v = x + 588. Is v a composite number?
True
Let o = 73 - 40. Suppose 3*k = -3*n + 363 + o, 4*n + 234 = 2*k. Is k composite?
False
Let p = 191 - 133. Let m = p - 45. Suppose 0 = -0*b - m*b + 1703. Is b prime?
True
Suppose 54*u - 57*u = -3*j - 123198, -5*u + 205285 = 4*j. Is u a composite number?
True
Let j(y) = 16*y**2 + 8*y + 24. Let i be j(8). Suppose -82 + i = 10*l. Suppose p - 164 = -3*k, -3*p + 384 + l = 4*k. Is p composite?
True
Suppose -2*j = -3*j + 32. Suppose 10*c + 12 = j. Suppose -8*l + c*l = -2334. Is l a composite number?
False
Let m = -158 - -164. Is (189/126)/(m/28828) prime?
True
Suppose -14*h + 8559 = -681. Let n = 37 + h. Is n a composite number?
True
Let g = -104779 - -148172. Is g a composite number?
True
Let a be (-15)/(-2)*3/(18/4). Suppose 3*o - 23196 = a*s, 3 = -2*s + 9. Is o a prime number?
False
Suppose -2*l + 3*f = 2*l - 5, 4*f = -4*l + 12. Suppose 2*h - 2*v - 4944 = 0, v = -l*h + 4*v + 4945. Is h a prime number?
False
Let g(s) = -2*s**2 - 16*s + 16. Let b be g(-10). Let p = -22 - b. Suppose -244 - 16 = -v - 3*x, p*v - 511 = 3*x. Is v prime?
True
Let f = -607 - -611. Suppose -34*d - 176137 = -5*s - 30*d, 105679 = 3*s - f*d. Is s prime?
False
Let a = -19 - -20. Let m be 2 + 3/a + -4. Let y(o) = 555*o - 2. Is y(m) composite?
True
Let j = 99 - 130. Let r(o) = -424*o - 51. Is r(j) a prime number?
True
Let l = 868616 - 227623. Is l prime?
True
Let m(a) = -a**3 + 19*a**2 + 17*a + 14. Let f be m(20). Let x = 